 Calculate m(d).
7
Suppose 3 = g - 3. Let h(r) = -2*r**3 - 2*r**3 + 5*r - 10 + 3*r**2 - r**3. Let x(s) = -14*s**3 + 9*s**2 + 14*s - 29. Let i(b) = g*x(b) - 17*h(b). What is i(-3)?
-1
Let h(o) be the second derivative of o**5/20 + 5*o**4/6 + 3*o**3 + 6*o**2 - 2*o. Let q be h(-8). Let s(l) = l**2 + 7*l + 6. Give s(q).
-6
Let a(f) = -9*f. Let o be (2/(-4))/(1/(-8)). Let n = -5 + o. What is a(n)?
9
Let t(m) = 4*m**2 - m - 1. Let x = -3 + 5. Suppose -5 + 3 = x*a. Give t(a).
4
Let x(a) be the second derivative of -a**5/20 + 5*a**4/12 - a**3/2 - 2*a**2 + 39*a. Let l be (-1 - 1)*(-6)/4. Calculate x(l).
5
Let b(x) be the second derivative of x**2/2 - 3*x. Let g(m) = m**2 + 7*m + 6. Let l(k) = b(k) - g(k). Calculate l(-6).
1
Let i(v) = 8*v**3 + 2*v**2 + v. Let f(t) = -6*t**3 + t + 1. Let s be f(-1). Let l be -4 - (s/(-2) - 0). Calculate i(l).
-7
Suppose -6*q + 2*q = 8. Let j(t) be the first derivative of 2*t**2 + 3*t + 1. What is j(q)?
-5
Let c(h) be the third derivative of -h**9/30240 + h**8/5040 - h**7/5040 - h**6/360 + h**5/60 - 2*h**2. Let b(i) be the third derivative of c(i). What is b(2)?
-4
Let x be ((-12)/(-4) - 3)/1. Let u(g) = g**3 - g**2 - g + 1. Determine u(x).
1
Let c(j) be the first derivative of j**2 + 5*j + 13. What is c(-4)?
-3
Let o = -8 - -11. Suppose -a = y - 4*y + 9, o*a + y = 3. Let t(n) = -1 - 5 + 3*n + a - 2*n. Calculate t(0).
-6
Let h(a) = 2*a - 4*a + a. Let o(g) = -g + g + 3*g + 0 - 1. Let l(t) = 6*h(t) - o(t). What is l(1)?
-8
Let h(d) = -d + 6. Let t(y) = 5*y**2 - 5*y. Let w be t(4). Suppose 0 = -3*q - q + w. Let m = q + -10. What is h(m)?
1
Let v(z) = z - 1. Suppose y + 4*y - 20 = 0, -3*y + 13 = c. Let d(m) = 7*m. Let b(a) = c*d(a) - 3*v(a). Calculate b(-3).
-9
Let w = -8 + 2. Let z(f) = 1 + 2 + 7*f + f**2 - 3 + 7. Determine z(w).
1
Let l(i) be the third derivative of i**4/24 + 7*i**3/6 - 2*i**2. Suppose 0*p + 18 = -2*p. Let w be l(p). Let x(o) = o**3 + o**2 - 1. Determine x(w).
-5
Suppose 3*z - 3*t + 9 = 0, -z - t = 3*t - 17. Let x be z + (2 - 3 - -2). Let q(m) = -m**x - m - 3*m**2 + 3*m**2. Give q(-3).
-6
Let w(g) be the first derivative of g**4/4 + 3*g**3 + 3*g**2 - 11*g - 23. What is w(-8)?
5
Let z(n) = -n**3 + 5*n**2 + 3*n - 4. Let a be z(6). Let o = 15 + a. Let w(s) = s**3 + 8*s**2 + 9*s + 9. Calculate w(o).
-5
Let q(r) = 66*r**2 - 33*r**2 + 2*r - r**3 - 37*r**2 + 6. Calculate q(-4).
-2
Suppose -2*z - 2*o + 10 = -0*o, -5*z - 3*o + 29 = 0. Let p(i) = -z*i**3 - 1 + 1 + 6*i**3 - 3. Calculate p(0).
-3
Let w(n) = -10 + 0*n - 3*n + 1. Let u(c) = -9 + 15 - 7. Let j(i) = 12*u(i) - w(i). Determine j(2).
3
Let p(t) = 8*t - 6*t - 3*t - 3. What is p(4)?
-7
Let x = 1 - 4. Let m(y) = 1. Let n(d) = -d - 2. Let i(h) = -3*m(h) - n(h). Calculate i(x).
-4
Let z(w) be the third derivative of 5*w**2 + 1/24*w**4 + 0 + 0*w**3 + 0*w. Give z(3).
3
Suppose d + 1 = 5. Let g(f) = f - 7. Let b(c) = -2*c + 14. Let q(n) = 3*b(n) + 7*g(n). Give q(d).
-3
Let o(r) be the third derivative of -r**5/60 + r**4/8 + 7*r**3/6 + 11*r**2. Determine o(6).
-11
Let i(z) = -z - 15. Let j = -23 - -23. Give i(j).
-15
Let a(h) be the second derivative of -h**7/840 + h**6/90 - h**5/120 - h**4/12 - h**3/2 + h. Let b(j) be the second derivative of a(j). Give b(3).
4
Let c = 0 + 3. Let z(p) = -5*p**2 - p**3 - p - p + 0*p**c - 2 - p. What is z(-4)?
-6
Suppose 2*f - 15 = -a, -2*a = -5*f + f + 10. Let j(r) = -3*r**2 + 4*r**2 + f*r - 2*r - r - 2. Give j(-2).
-2
Let k(a) be the first derivative of a**5/30 + a**4/4 + a**3/6 - a**2 - 1. Let c(n) be the second derivative of k(n). Calculate c(-4).
9
Let j(f) = -f**3 - f**2 + f + 6. Suppose 9*l - 5*l = 0. Give j(l).
6
Let y(c) = -7*c**2 - 19*c - 7. Let j(x) = 4*x**2 + 10*x + 4. Let r(n) = -5*j(n) - 3*y(n). Give r(-5).
-9
Let y(j) = j**3 + 3*j**2 - 5*j - 5. Suppose -3*b - 2*b + 15 = 0. Suppose 2*w = 3*z - 69 + 25, -b*z + w + 43 = 0. Suppose -z + 34 = -5*r. Determine y(r).
-1
Let d(n) = 3*n**2 + 1 - 2*n**2 - 3*n**2 + 2*n - 2*n**2. Let v(l) = 3*l**2 - 3*l - 1. Let q(u) = 2*d(u) + 3*v(u). Give q(4).
-5
Let z(h) = h + 1. Suppose 3*r + 8 + 4 = 3*n, -5*n + 2*r = -20. Suppose -n*c - 4*t = -0*c + 16, 0 = -c + 2*t - 10. Calculate z(c).
-5
Let z(h) = -h - 4. Suppose 0 = 6*q - 2*q - 64. Let d = q - 10. Let p = d + -9. Determine z(p).
-1
Let b be (-1)/((-5)/(60/22) + 2). Let l(h) = h**2 + 5*h - 4. Determine l(b).
2
Let i(w) = -w + 1. Let b(h) = h**2 + 6*h + 8. Let f(n) = -b(n) + i(n). Calculate f(-6).
-1
Let g(b) = b**3 + 4*b**2 - 7*b - 4. Let x = -16 - -11. Let p be g(x). Let k(r) = r**2 - 8*r + 6. Determine k(p).
-6
Let z(n) = -20*n**3 - 5 + 6 + 21*n**3 + 0. Determine z(1).
2
Suppose -33 = -4*y + y. Let h be y/(-3) + (-2)/(-3). Let b(i) = -3*i - 4*i**2 - i**3 + 2*i**2 - 2*i**2 + 4. Determine b(h).
4
Let d(y) = -7 + 3*y + 0*y**2 + 2*y**2 - y**2. Calculate d(-5).
3
Let d(m) = 3*m + 5 + 2 - 4*m. Let g be d(6). Let u(j) = j**3 + 2*j**2 - j. Give u(g).
2
Let a(p) = 7*p**2 + 9*p - 9*p**2 - 4*p + 6. Give a(5).
-19
Let l(k) = -k**2 + 3*k - 2. Let q be l(2). Suppose -1 = -5*m + 9. Let b(w) = 3*w**3 + 0*w**3 - 1 - 2*w**3 + 3*w**2 - m*w**2 + w. Give b(q).
-1
Let s(q) = -q**3 + 3*q**2 + 2*q + 5. Let y = -1 - -2. Let c(f) = -2*f**3 - f**2 + f. Let u(l) = l**3. Let g(o) = -c(o) + 2*u(o). Let p be g(y). What is s(p)?
-3
Let v be (-8)/24 - (-20)/6. Suppose v*g = -4*u - 3, -2*g = 2*g - 4*u + 32. Let z(d) = d**3 + 6*d**2 + 5*d + 3. Give z(g).
3
Let g(d) = -d**2 + 2*d - 3. Let f(t) = 12*t - 10. Let n be f(1). Determine g(n).
-3
Let f(r) = 5*r + 26. Let i(v) be the first derivative of v**2 + 9*v - 2. Let b(g) = 4*f(g) - 11*i(g). Determine b(4).
-3
Let z(b) = -3*b. Let r be 5 + -4 + -6 + 5. Let k = 17 + -12. Suppose r*j = -5*j - k. Give z(j).
3
Let y(i) = -i**3 - 4*i**2 - i + 2. Let b be y(-2). Let n(w) = -w**2 - 6*w - 2. Calculate n(b).
6
Let w(u) = -u - 3. Suppose 0 = -2*a - 5 - 15. Let p(t) = -t**2 - 10*t - 5. Let l be p(a). What is w(l)?
2
Let a(p) = -2*p - 3 - 1 + 6. Give a(4).
-6
Let w(o) = o**3 + o. Suppose -4*v = 3*g - 7, 3*v + g - 7 = -3*g. Let a be w(v). Let s(n) = -3*n**2 + 3*n. Give s(a).
-6
Let u(m) = m**2 + 3*m + 2. Let t be ((-8)/(-6))/((-34)/51). Calculate u(t).
0
Suppose 3*z - 5*z = 150. Let h be 1/4 + z/12. Let n be h*1*1/(-2). Let f(m) = 4*m - 4. What is f(n)?
8
Suppose 0*k = 2*k + 10. Let n(q) = -15*q + 7 + 6*q - q**2 + 5*q. Calculate n(k).
2
Suppose 20 = -5*b + 10*b. Let u(w) be the third derivative of -w**4/24 - 2*w**3/3 - 4*w**2. Calculate u(b).
-8
Let v(r) = -r - 1. Let k(z) = z**2 + 3*z + 8. Suppose 5*t - 25 = -5*j, 4*j = t + j + 11. Let s(l) = t*k(l) + 6*v(l). Determine s(2).
0
Let d(u) = 4*u**2 + u + 4. Let o(r) = -r**2 - 1. Let n(a) = -2*d(a) - 9*o(a). Suppose 9 = 5*s - 6. Calculate n(s).
4
Suppose -5*c - 1 = -21. Suppose 0 = -9*o + c*o + 10. Let u(p) = 2*p + 2. Give u(o).
6
Let r(l) = 10*l**2 - 34*l**2 + 9*l**2 - l**3 + 1 - 6*l + 8*l**2. Give r(-6).
1
Let l(o) = -o - 11. Let s(r) = -5*r - 43. Let v(n) = 9*l(n) - 2*s(n). Let t be v(11). Let w(p) = 3*p**2 + p - 1. Calculate w(t).
9
Let o(u) = -u + 4. Let g be 76/(-10) + (-4)/10. Let d(q) = 2*q**3 + 7*q**2 + 2*q. Let b be d(-2). Let x = b + g. Give o(x).
4
Let o(p) be the second derivative of p**6/120 - p**5/12 + p**4/12 - p**3/2 - p**2/2 - 2*p. Let c(i) be the first derivative of o(i). What is c(5)?
7
Let q(g) = 2*g**3 - 4*g**2 - 3 + 2*g**3 - 3*g**3 + 2*g. Let a be q(4). Let w(p) = p + 0 - a + 0. Give w(-5).
-10
Let y be (-4)/(-2)*6/(-4). Suppose -5*o - 5 = -5*g, -g + 2*o = -5*g + 22. Let x be 3/(-9) - g/y. Let b(i) = 5*i**2. What is b(x)?
5
Let h(t) be the third derivative of t**5/60 - 5*t**4/24 - 4*t**3/3 - 23*t**2. What is h(6)?
-2
Let g(k) = k**3 - 4*k**2 + 3*k - 4. Suppose -4*t - 33 = -3*f, 2*t + 0*f = -f - 19. Let w = 13 + t. Give g(w).
8
Let f(h) be the third derivative of h**5/60 - h**4/12 - 2*h**2. Let z(v) = v + 11. Let u be z(-9). Suppose -a + u = a. Determine f(a).
-1
Let y be (-2)/5 + (-68)/(-20). Suppose 2*m = t, 2*m + 0*m + y*t = 0. Suppose -4 + m = -z. Let w(r) = -2*r**2 + 6*r. What is w(z)?
-8
Let o = 5 - 8. Let b(y) = 2. Let r(f) = -1 - f + 1. Let j(s) = b(s) - r(s). Determine j(o).
-1
Let v(x) = x**3 + 2*x**2 + 4*x + 4. Suppose 4*a = -4*n + 8, 5*n - 7*a + 4*a + 30 = 0. Determine v(n).
-17
Let o(q) = 6 + 8*q - 5*q - 6*q. Let k(b) = b - 3. Let j be k(7). Give o(j).